-211. What is the greatest common factor of z and q?
37
Let t = 439 - 295. Let g(z) = z**2 + 31*z - 16. Let q be g(-32). Calculate the highest common factor of q and t.
16
Let h be (2/2)/(31/(-10292)). Let r = h - -607. What is the highest common factor of 11 and r?
11
Let k(d) = -50*d - 2. Let m be k(-3). Suppose -226*l = -224*l + 172. Let f = m + l. Calculate the highest common divisor of 93 and f.
31
Suppose -49765 + 6505 = -42*d. What is the highest common divisor of d and 30?
10
Suppose 0 = 11*k - 200 + 24. Calculate the greatest common divisor of 424 and k.
8
Let u be 6*((-1862)/(-42) + (-1 + 3 - 8)). Calculate the highest common factor of u and 736.
46
Suppose 5*f + i - 12 = 4*i, i - 4 = -f. Suppose 2*j - 4*q - 454 = 0, -4*q - 974 = -f*j - 289. Let p = j - 163. Calculate the highest common factor of p and 102.
34
Let q(j) = -j**3 - 2*j**2 - 2*j + 30. Let m be q(7). Let d = m + 581. Calculate the greatest common factor of 36 and d.
12
Suppose -17*m - 80080 = -537*m. Let h = 21 - -7. Suppose -j - h = -3*j. What is the highest common divisor of j and m?
14
Suppose -6*t + 59634 = 2*k, -4*t + 39789 = -0*t + 5*k. Calculate the highest common divisor of t and 1288.
184
Suppose -2*r - 3*g - 84 = -8*g, -4*g - 177 = 5*r. Let j = -17 - r. Let h(q) = 3*q**2 + 9*q + 18. Let k be h(-4). Calculate the highest common factor of k and j.
10
Let y(b) = -7*b - 7 - 21 + 12*b. Let g be y(9). Calculate the highest common divisor of g and 68.
17
Let v be (-322 - (-17 + 5))*((-14)/(-10) - 2). What is the highest common divisor of v and 42?
6
Let k(a) = -a**2 + 2*a + 72. Let i be k(-7). Let m(g) = -13*g + 119. Let z be m(i). What is the greatest common factor of z and 9?
1
Suppose 37*s - 30838 - 86674 = 0. Calculate the highest common factor of s and 40.
8
Let u = 198 - 33. Suppose -3*w = 3*x - u, 4*x - 50 = 4*w + 178. What is the highest common factor of 896 and x?
56
Suppose 0 = -51*d + 56*d - 5*k - 2285, -5*d + 3*k + 2287 = 0. Calculate the greatest common factor of 16 and d.
2
Let z = 195 - 194. Let i = 38 + 11. What is the greatest common divisor of i and z?
1
Let r(l) = -l**3 + 15*l**2 - 15*l + 49. Let x be r(14). Let d = -807 + 1367. Calculate the greatest common divisor of x and d.
35
Let h be (-7)/(28/11)*(-7 - 1). Suppose 5*t - h + 2 = 0. Suppose -t*i + 2*i = x - 77, -i + 3*x + 49 = 0. What is the highest common divisor of 100 and i?
20
Let o = -2 - -2. Let a(t) = -t**2 + t + 12. Let v be a(o). Let x = 24494 + -24362. What is the greatest common divisor of v and x?
12
Let i = 35 + -21. Let p(d) = -1260*d + 72058. Let h be p(57). Calculate the highest common factor of i and h.
14
Let w(t) be the first derivative of 5*t**4/4 - t**2 - 3*t + 133. Let k be w(2). What is the highest common factor of 88 and k?
11
Suppose 1830 = 17*v + 7*v - 282. What is the highest common divisor of 256 and v?
8
Suppose -263 = -2*p - o, 252 = 3*p - 4*o - 126. Calculate the highest common divisor of p and 80.
10
Let m = -9 - 6. Let j(a) be the first derivative of a**3/3 + 5*a**2 - 19*a - 180. Let b be j(m). Calculate the highest common factor of 42 and b.
14
Let p be (-971 - 5)/(56/(-84)). What is the highest common divisor of p and 183?
183
Suppose -4*h + 244 = 5*z, -4*h + 2*z + 301 - 29 = 0. Suppose 2*n - y = 129, y + y = n - h. What is the highest common factor of n and 4?
4
Let t be ((-4)/2)/(13/(153985/(-10))). Calculate the highest common factor of 23 and t.
23
Let r = 27 + 1. Let x = -2358 - -2610. Calculate the greatest common divisor of r and x.
28
Suppose 2*n - 451*f = -450*f + 18, n + 2*f - 14 = 0. What is the greatest common factor of 455 and n?
5
Suppose 5*r + 10 = 5*d, 0 = -3*d - 0*r + 4*r + 5. Suppose 4*g - 5*i = -6*i + 159, 87 = 2*g + d*i. Calculate the highest common divisor of g and 663.
39
Suppose 0 = 5*j - 88 - 272. Let k = 271 - 110. Let v = 179 - k. What is the highest common divisor of v and j?
18
Let p(m) = -m**3 + 12*m**2 - 9*m - 2. Let q be p(8). Let t = q - 143. What is the highest common divisor of t and 507?
39
Let m = 2572 + -2484. Calculate the highest common divisor of m and 2068.
44
Let o(i) = i**3 - 11*i**2 + 13*i - 18. Let j = -14 - -2. Let f be (-124)/j + 5/(-15). Let s be o(f). Calculate the greatest common divisor of 24 and s.
12
Suppose 4*d = -3*b, -28*d + 17 = -2*b - 25*d. Let q be b/(-3)*(11 - 5). Calculate the greatest common divisor of 32 and q.
8
Let v(l) = -2*l**3 + l**2 + 3*l + 16. Let y(f) = -f**3 + f + 1. Let a(w) = v(w) - y(w). Let c be a(0). Calculate the greatest common factor of c and 20.
5
Suppose 1 - 16 = f + 4*c, -6 = -3*f + 5*c. Let w be (5/(40/(-6)))/(f/204). Calculate the greatest common factor of 34 and w.
17
Suppose -12 = 58*a - 60*a. Suppose 138*y + 12 = 139*y. What is the greatest common divisor of y and a?
6
Let v(m) = m**3 - 14*m**2 + 2*m + 44. Let q be v(14). Let r be ((-24)/q)/(3/(-216) + 0). Let b = 56 - 40. Calculate the highest common divisor of r and b.
8
Let z(r) = 30*r**2 - 123*r - 222. Let w be z(42). What is the greatest common factor of w and 204?
204
Suppose 5*v - 3*q - 6366 = 0, -3*q = -v + 2*q + 1282. Calculate the greatest common factor of 72 and v.
24
Let m(t) = 40*t - 330. Let p be m(48). Calculate the greatest common factor of 212 and p.
106
Let h be 4898/36 + 190/(-3420). Calculate the highest common factor of h and 6086.
34
Suppose 6*w = 759 - 735. Suppose -a = v - 3*a, -4*v + a = -35. Let p = 38 + v. Calculate the highest common divisor of w and p.
4
Suppose -89512 = -19*h + 5*h - 9096. What is the greatest common divisor of h and 16?
16
Let b be 0 - 1 - -1369 - (-74 - -72). Suppose -2*u + 3*u = -5*q + b, -2780 = -2*u - 2*q. Calculate the highest common divisor of 31 and u.
31
Suppose -613 = -5*f + 437. Let m = f + -424. Let y be 3 + m/(-6) + 6/18. What is the greatest common divisor of y and 52?
13
Suppose -31*t = -358 - 727. Suppose 0*l = -l. Suppose l = 2*r + 5*m - 62, -3*r + 7*r + m = 88. What is the highest common factor of r and t?
7
Let p(c) = -3*c - 44. Let g be p(-16). Suppose g*r = 14*r - 160. Let q be 66/r + 1 + (-27)/24. Calculate the highest common factor of 40 and q.
4
Let v be (7 - (-20)/(-4))*(-8685)/(-18). Calculate the greatest common factor of v and 772.
193
Suppose -3*h + 146 = 2*z + 69, -z + 25 = -3*h. What is the greatest common divisor of z and 16?
2
Let d be 104 - 3/((-9)/12). Let o(r) = d*r + 164*r - 12 + 10. Let n be o(1). What is the greatest common factor of n and 30?
30
Suppose 0 = 21*b + 4658 + 2356. Let u = b + 427. Calculate the highest common factor of 124 and u.
31
Let n = 2067 + -2003. What is the highest common divisor of n and 264?
8
Let l(x) = 29*x - 6 - x**2 + 0 + 9. Let o be l(12). Suppose -5*n + o + 33 = 0. What is the greatest common factor of 8 and n?
8
Suppose -6*u = -7*u + 48. Suppose 180 = -36*r + u*r. What is the greatest common divisor of r and 480?
15
Let a = 4 - 0. Let r be 11 + (-6)/(-5)*525/70. What is the highest common divisor of r and a?
4
Suppose 89*l - 105 = 86*l. Suppose 2*t = 1 + l. Let q = 10 + -8. What is the greatest common factor of t and q?
2
Let z be (-12 + (-192)/(-18))/(2/(-6)). Suppose -5*m - 113 = -z*h, h - 30 = 2*m - 4. What is the greatest common factor of 176 and h?
16
Let o be 32/(-56) - 21/((-1176)/48640). What is the highest common factor of o and 84?
28
Let u(n) = 850*n - 3. Let l be u(1). Let s be l/35 - 4/(-20)*-1. Calculate the greatest common factor of s and 120.
24
Suppose 133 = 10*v - 7*v + 5*c, -3*c = -v + 77. What is the highest common factor of v and 2443?
7
Let y(q) = -q**3 + 3*q**2 + 3*q - 3. Let i be y(5). Let f = i + -10. Let d be 1/(-6) - 872/f. What is the highest common divisor of 36 and d?
18
Let l be (-6080)/(-8)*(90/(-20) + 7). Calculate the highest common factor of 500 and l.
100
Suppose 0 = i + n + 12, 25 = -2*i + 5*n - 8*n. Let b(y) = -2*y**2 - 21*y + 47. Let l be b(i). Calculate the highest common factor of l and 126.
18
Let s = 238 + -237. Let n be 33/(-165) + ((-382)/(-10) - s). Calculate the greatest common factor of 148 and n.
37
Let g(t) = -2*t**2 + 60*t - 117. Let s be g(28). Let u be (-424)/(-16)*-4*s. What is the highest common factor of 318 and u?
106
Let i = 139 + -107. Suppose -4*k + 456 = 4*g, -3*k + 5*g = -0*g - 326. What is the highest common factor of i and k?
16
Let l be (-8)